8958256?
2
What is the hundreds digit of 1917774?
7
What is the ten thousands digit of 5292674?
9
What is the thousands digit of 12889140?
9
What is the millions digit of 11592347?
1
What is the ten thousands digit of 904328?
0
What is the thousands digit of 2316816?
6
What is the hundreds digit of 341604?
6
What is the hundreds digit of 785523?
5
What is the units digit of 14468195?
5
What is the hundred thousands digit of 12623266?
6
What is the ten thousands digit of 757856?
5
What is the thousands digit of 249673?
9
What is the ten thousands digit of 576390?
7
What is the thousands digit of 984810?
4
What is the units digit of 84714?
4
What is the thousands digit of 12001277?
1
What is the thousands digit of 6323638?
3
What is the hundreds digit of 8956673?
6
What is the hundreds digit of 1375450?
4
What is the tens digit of 9656879?
7
What is the millions digit of 11813313?
1
What is the units digit of 814649?
9
What is the thousands digit of 4679476?
9
What is the hundred thousands digit of 10010894?
0
What is the tens digit of 1529168?
6
What is the ten thousands digit of 317555?
1
What is the ten thousands digit of 5935897?
3
What is the hundreds digit of 1245386?
3
What is the tens digit of 1006325?
2
What is the thousands digit of 977593?
7
What is the thousands digit of 15861515?
1
What is the hundreds digit of 1966553?
5
What is the ten thousands digit of 183970?
8
What is the units digit of 424639?
9
What is the hundred thousands digit of 668313?
6
What is the ten thousands digit of 499505?
9
What is the hundreds digit of 559910?
9
What is the tens digit of 1114374?
7
What is the ten thousands digit of 236764?
3
What is the tens digit of 2181676?
7
What is the hundreds digit of 5792927?
9
What is the hundred thousands digit of 6950097?
9
What is the hundreds digit of 39062017?
0
What is the ten thousands digit of 117527?
1
What is the thousands digit of 803500?
3
What is the thousands digit of 621590?
1
What is the units digit of 274754?
4
What is the ten thousands digit of 230870?
3
What is the hundred thousands digit of 2526370?
5
What is the units digit of 11534425?
5
What is the millions digit of 12202521?
2
What is the millions digit of 1241342?
1
What is the hundred thousands digit of 5928784?
9
What is the millions digit of 22163229?
2
What is the millions digit of 13273539?
3
What is the tens digit of 139188?
8
What is the thousands digit of 395560?
5
What is the tens digit of 6073606?
0
What is the hundreds digit of 723045?
0
What is the ten thousands digit of 505824?
0
What is the ten thousands digit of 270254?
7
What is the millions digit of 5994421?
5
What is the millions digit of 5555855?
5
What is the hundred thousands digit of 571491?
5
What is the ten thousands digit of 5805402?
0
What is the tens digit of 1724970?
7
What is the hundred thousands digit of 283603?
2
What is the millions digit of 27998780?
7
What is the tens digit of 33194?
9
What is the units digit of 241351?
1
What is the ten thousands digit of 14331?
1
What is the thousands digit of 18754174?
4
What is the ten thousands digit of 67106?
6
What is the ten thousands digit of 415884?
1
What is the ten thousands digit of 76235?
7
What is the hundreds digit of 178153?
1
What is the hundreds digit of 15544029?
0
What is the thousands digit of 3065341?
5
What is the hundreds digit of 1554692?
6
What is the hundreds digit of 1051606?
6
What is the units digit of 3830006?
6
What is the ten thousands digit of 69814?
6
What is the units digit of 17578772?
2
What is the tens digit of 384743?
4
What is the hundreds digit of 76302?
3
What is the tens digit of 3125120?
2
What is the millions digit of 3269522?
3
What is the hundred thousands digit of 899013?
8
What is the hundreds digit of 628293?
2
What is the ten thousands digit of 363524?
6
What is the units digit of 17516827?
7
What is the hundreds digit of 466235?
2
What is the hundreds digit of 2456315?
3
What is the tens digit of 86476?
7
What is the units digit of 2103273?
3
What is the units digit of 321098?
8
What is the hundred thousands digit of 825059?
8
What is the units digit of 1055746?
6
What is the hundred thousands digit of 4432765?
4
What is the tens digit of 402214?
1
What is the ten thousands digit of 192778?
9
What is the millions digit of 2820808?
2
What is the tens digit of 671183?
8
What is the units digit of 32980189?
9
What is the hundreds digit of 640510?
5
What is the ten thousands digit of 13819629?
1
What is the thousands digit of 48737?
8
What is the hundreds digit of 2638588?
5
What is the tens digit of 31714?
1
What is the hundreds digit of 282786?
7
What is the millions digit of 2581241?
2
What is the tens digit of 145969?
6
What is the hundred thousands digit of 452891?
4
What is the thousands digit of 124899?
4
What is the thousands digit of 2470998?
0
What is the ten thousands digit of 246401?
4
What is the hundred thousands digit of 13385255?
3
What is the units digit of 3679041?
1
What is the millions digit of 8802622?
8
What is the hundred thousands digit of 20305949?
3
What is the ten thousands digit of 38295?
3
What is the millions digit of 8580888?
8
What is the units digit of 175108?
8
What is the hundreds digit of 6966740?
7
What is the thousands digit of 1341952?
1
What is the hundreds digit of 361445?
4
What is the ten millions digit of 29694538?
2
What is the ten thousands digit of 14356826?
5
What is the tens digit of 4964151?
5
What is the ten thousands digit of 238262?
3
What is the hundred thousands digit of 5330327?
3
What is the ten thousands digit of 2138568?
3
What is the tens digit of 18275182?
8
What is the hundred thousands digit of 252586?
2
What is the hundred thousands digit of 551153?
5
What is the hundred thousands digit of 128371?
1
What is the hundreds digit of 512515?
5
What is the units digit of 78589?
9
What is the hundreds digit of 4146371?
3
What is the tens digit of 125554?
5
What is the hundred thousands digit of 339431?
3
What is the hundreds digit of 7496098?
0
What is the hundreds digit of 417836?
8
What is the millions digit of 16536487?
6
What is the ten millions digit of 11337914?
1
What is the tens digit of 2752129?
2
What is the tens digit of 2480278?
7
What is the hundreds digit of 7312078?
0
What is the thousands digit of 14853?
4
What is the tens digit of 1776882?
8
What is the hundreds digit of 105281?
2
What is the units digit of 137591?
1
What is the hundred thousands digit of 4568172?
5
What is the hundreds digit of 600419?
4
What is the ten thousands digit of 391222?
9
What is the thousands digit of 601388?
1
What is the hundreds digit of 1931302?
3
What is the thousands digit of 307710?
7
What is the ten thousands digit of 2979759?
7
What is the hundreds digit of 19214722?
7
What is the tens digit of 41552822?
2
What is the hundreds digit of 487715?
7
What is the ten thousands digit of 1548462?
4
What is the hundreds digit of 196925?
9
What is the ten millions digit of 13711214?
1
What is the units digit of 970889?
9
What is the hundreds digit of 10492700?
7
What is the hundred thousands digit of 359390?
3
What is the tens digit of 10787093?
9
What is the millions digit of 31515562?
1
What is the ten thousands digit of 16777974?
7
What is the thousands digit of 6226825?
6
What is the millions digit of 1607544?
1
What is the units digit of 960550?
0
What is the tens digit of 9463739?
3
What is the hundred thousands digit of 5120154?
1
What is the hundred thousands digit of 1316478?
3
What is the hundreds digit of 220450?
4
What is the ten thousands digit of 3339068?
3
What is the ten thousands digit of 1172898?
7
What is the units digit of 560413?
3
What is the hundred thousands digit of 412693?
4
What is the ten thousands digit of 17326390?
2
What is the millions digit of 36113178?
6
What is the thousands digit of 356737?
6
What is the thousands digit of 212616?
2
What is the thousands digit of 700991?
0
What is the ten thousands digit of 406020?
0
What is the hundred thousands digit of 33398519?
3
What is the hundreds digit of 1978070?
0
What is the ten thousands digit of 193629?
9
What is the hundreds digit of 1456248?
2
What is the millions digit of 5591067?
5
What is the tens digit of 7615846?
4
What is the units d